{"id":39,"date":"2025-09-22T08:39:11","date_gmt":"2025-09-22T08:39:11","guid":{"rendered":"https:\/\/www.jannvanbrugge.com\/?page_id=39"},"modified":"2025-09-22T08:40:46","modified_gmt":"2025-09-22T08:40:46","slug":"biographie","status":"publish","type":"page","link":"https:\/\/www.jannvanbrugge.com\/index.php\/biographie\/","title":{"rendered":"Biographie"},"content":{"rendered":"\n<figure class=\"wp-block-image size-full\"><img loading=\"lazy\" decoding=\"async\" width=\"200\" height=\"200\" src=\"https:\/\/www.jannvanbrugge.com\/wp-content\/uploads\/2025\/09\/jvb.jpg\" alt=\"\" class=\"wp-image-42\" srcset=\"https:\/\/www.jannvanbrugge.com\/wp-content\/uploads\/2025\/09\/jvb.jpg 200w, https:\/\/www.jannvanbrugge.com\/wp-content\/uploads\/2025\/09\/jvb-150x150.jpg 150w\" sizes=\"auto, (max-width: 200px) 100vw, 200px\" \/><\/figure>\n\n\n\n<h1 class=\"wp-block-heading\">Jann van Brugge<\/h1>\n\n\n\n<p><strong>Jann van Brugge<\/strong> (n\u00e9 en 1963 \u00e0 Metz) est un photographe fran\u00e7ais.<br>Son travail en noir et blanc se concentre sur le portrait et l\u2019architecture, en explorant les lignes, les textures et les lumi\u00e8res. Il est membre de l\u2019Union des Photographes Professionnels (UPP).<\/p>\n\n\n\n<p>Son approche s\u2019inscrit dans la lign\u00e9e de la <em>street photography<\/em> des ann\u00e9es 1960, illustr\u00e9e notamment par des photographes comme Lee Friedlander ou Garry Winogrand.<\/p>\n\n\n\n<hr class=\"wp-block-separator has-alpha-channel-opacity\"\/>\n\n\n\n<h2 class=\"wp-block-heading\">Expositions<\/h2>\n\n\n\n<p>Ses travaux ont \u00e9t\u00e9 pr\u00e9sent\u00e9s dans le cadre d\u2019expositions collectives \u00e0 New York au d\u00e9but des ann\u00e9es 2010, dans des espaces aujourd\u2019hui ferm\u00e9s tels que CRG Gallery, mais \u00e9galement en Europe, \u00e0 La Marlagne (Belgique) en 2012, ainsi qu\u2019\u00e0 Milan en 2014, \u00e0 la Galleria Carla Sozzani.<\/p>\n\n\n\n<hr class=\"wp-block-separator has-alpha-channel-opacity\"\/>\n\n\n\n<h2 class=\"wp-block-heading\">R\u00e9ception<\/h2>\n\n\n\n<p>En 2012, il est interview\u00e9 par <em>Le Petit Journal de Milan<\/em> \u00e0 l\u2019occasion du Carnaval de Venise, o\u00f9 il exprime son attachement \u00e0 la cit\u00e9 v\u00e9nitienne et sa position critique vis-\u00e0-vis de sa candidature au titre de \u00ab Capitale europ\u00e9enne de la culture \u00bb\u30101\u3011.<\/p>\n\n\n\n<p>En 2014, son nom figure comme cr\u00e9dit photographique dans le dossier documentaire publi\u00e9 par le <strong>MAC\/VAL (Mus\u00e9e d\u2019art contemporain du Val-de-Marne)<\/strong> \u00e0 l\u2019occasion de l\u2019exposition <em>Tania Mouraud \u2013 Ad Nauseam<\/em>\u30102\u3011.<\/p>\n\n\n\n<hr class=\"wp-block-separator has-alpha-channel-opacity\"\/>\n\n\n\n<h2 class=\"wp-block-heading\">Notes et r\u00e9f\u00e9rences<\/h2>\n\n\n\n<ol class=\"wp-block-list\">\n<li>Laurent Maurel, \u00ab <em>Carnaval de Venise : entre tradition et mascarade commerciale<\/em> \u00bb, <em>Le Petit Journal de Milan<\/em>, 30 mars 2012.<\/li>\n\n\n\n<li>MAC\/VAL, <em>CQFD : Tania Mouraud<\/em>, Vitry-sur-Seine, 2014, p. 56. <a href=\"https:\/\/www.macval.fr\/IMG\/pdf\/MACVAL-CQFD_Tania_Mouraud_2014_BD.pdf\">lire en ligne<\/a>.<\/li>\n<\/ol>\n","protected":false},"excerpt":{"rendered":"<p>Jann van Brugge Jann van Brugge (n\u00e9 en 1963 \u00e0 Metz) est un photographe fran\u00e7ais.Son travail en noir et blanc se concentre sur le portrait et l\u2019architecture, en explorant les lignes, les textures et les lumi\u00e8res. Il est membre de l\u2019Union des Photographes Professionnels (UPP). Son approche s\u2019inscrit dans la lign\u00e9e de la street photography [&hellip;]<\/p>\n","protected":false},"author":2,"featured_media":0,"parent":0,"menu_order":0,"comment_status":"closed","ping_status":"closed","template":"","meta":{"footnotes":""},"class_list":["post-39","page","type-page","status-publish","hentry"],"aioseo_notices":[],"_links":{"self":[{"href":"https:\/\/www.jannvanbrugge.com\/index.php\/wp-json\/wp\/v2\/pages\/39","targetHints":{"allow":["GET"]}}],"collection":[{"href":"https:\/\/www.jannvanbrugge.com\/index.php\/wp-json\/wp\/v2\/pages"}],"about":[{"href":"https:\/\/www.jannvanbrugge.com\/index.php\/wp-json\/wp\/v2\/types\/page"}],"author":[{"embeddable":true,"href":"https:\/\/www.jannvanbrugge.com\/index.php\/wp-json\/wp\/v2\/users\/2"}],"replies":[{"embeddable":true,"href":"https:\/\/www.jannvanbrugge.com\/index.php\/wp-json\/wp\/v2\/comments?post=39"}],"version-history":[{"count":3,"href":"https:\/\/www.jannvanbrugge.com\/index.php\/wp-json\/wp\/v2\/pages\/39\/revisions"}],"predecessor-version":[{"id":43,"href":"https:\/\/www.jannvanbrugge.com\/index.php\/wp-json\/wp\/v2\/pages\/39\/revisions\/43"}],"wp:attachment":[{"href":"https:\/\/www.jannvanbrugge.com\/index.php\/wp-json\/wp\/v2\/media?parent=39"}],"curies":[{"name":"wp","href":"https:\/\/api.w.org\/{rel}","templated":true}]}}